{"id":30116,"date":"2020-12-16T03:51:22","date_gmt":"2020-12-16T02:51:22","guid":{"rendered":"https:\/\/www.linvosges-hotellerie.com\/sin categor\u00eda\/sabana-bajera-evora-2\/"},"modified":"2026-04-30T00:16:16","modified_gmt":"2026-04-29T22:16:16","slug":"sabana-bajera-evora-2","status":"publish","type":"product","link":"https:\/\/www.linvosges-hotellerie.com\/es\/sabana-ajustable\/sabana-bajera-evora-2\/","title":{"rendered":"S\u00e1bana bajera Evora"},"content":{"rendered":"<p>S\u00e1bana bajera de tacto aterciopelado y acabado mate ligeramente arrugado para un estilo contempor\u00e1neo. Es superf\u00e1cil de planchar, lo que te ahorra mucho tiempo<br \/>\nTejido satinado muy tupido de 300 hilos para mayor suavidad y flexibilidad.<br \/>\nMaterial noble por excelencia, la fibra de algod\u00f3n es naturalmente confortable y resistente<\/p>\n<p>Tapa de 30 cm, adecuada para colchones de hasta 22 cm de grosor.<br \/>\nHilo de colores en todo el contorno para identificar las distintas tallas y facilitar el cuidado y almacenamiento de tu ropa. Ahorro de tiempo para el personal de habitaciones y lavander\u00eda<\/p>\n<p>Colores de los cables seg\u00fan las dimensiones :<br \/>\n90&#215;190 : rojo<br \/>\n90&#215;200 : naranja<br \/>\n140&#215;190 : azul<br \/>\n160&#215;200 : verde<br \/>\n180&#215;200 : gris oscuro<\/p>\n","protected":false},"excerpt":{"rendered":"<p>Lavar a m\u00e1quina a 40\u00b0.<br \/>\nProhibidos el cloro y los agentes blanqueadores<br \/>\nSecar en secadora a 60\u00b0.<br \/>\nPlanchado a una temperatura m\u00e1xima de 110\u00b0 sin vapor<br \/>\nProhibida la limpieza en seco<\/p>\n<p><span class=\"ginetex\">  8 o s n U  <\/span><\/p>\n","protected":false},"featured_media":30106,"template":"","meta":{"_acf_changed":false},"label":[],"product_brand":[],"product_cat":[1629],"product_tag":[],"gamme":[1737],"matiere":[1524],"class_list":{"0":"post-30116","1":"product","2":"type-product","3":"status-publish","4":"has-post-thumbnail","6":"product_cat-sabana-ajustable","7":"pa_couleur-blanco","8":"pa_dimensions-140-190-cm","9":"pa_dimensions-160-200-cm","10":"pa_dimensions-180x200-cm","11":"pa_dimensions-90-190-cm","12":"pa_dimensions-90-200-cm","13":"pa_grammage-120grs-m","14":"pa_matiere-100-algodon","15":"gamme-evora-es","16":"matiere-algodon","18":"first","19":"instock","20":"taxable","21":"shipping-taxable","22":"purchasable","23":"product-type-variable","24":"has-default-attributes"},"acf":[],"df_price":22.68,"df_sale_price":"","df_regular_price":22.68,"df_image_link":"https:\/\/www.linvosges-hotellerie.com\/wp-content\/uploads\/2020\/12\/linge-de-lit-satin-lave-evora-coton-120-grs-m2-hotel-professionnel-linvosges-hotellerie-2-300x300.jpg","_links":{"self":[{"href":"https:\/\/www.linvosges-hotellerie.com\/es\/wp-json\/wp\/v2\/product\/30116","targetHints":{"allow":["GET"]}}],"collection":[{"href":"https:\/\/www.linvosges-hotellerie.com\/es\/wp-json\/wp\/v2\/product"}],"about":[{"href":"https:\/\/www.linvosges-hotellerie.com\/es\/wp-json\/wp\/v2\/types\/product"}],"wp:featuredmedia":[{"embeddable":true,"href":"https:\/\/www.linvosges-hotellerie.com\/es\/wp-json\/wp\/v2\/media\/30106"}],"wp:attachment":[{"href":"https:\/\/www.linvosges-hotellerie.com\/es\/wp-json\/wp\/v2\/media?parent=30116"}],"wp:term":[{"taxonomy":"label","embeddable":true,"href":"https:\/\/www.linvosges-hotellerie.com\/es\/wp-json\/wp\/v2\/label?post=30116"},{"taxonomy":"product_brand","embeddable":true,"href":"https:\/\/www.linvosges-hotellerie.com\/es\/wp-json\/wp\/v2\/product_brand?post=30116"},{"taxonomy":"product_cat","embeddable":true,"href":"https:\/\/www.linvosges-hotellerie.com\/es\/wp-json\/wp\/v2\/product_cat?post=30116"},{"taxonomy":"product_tag","embeddable":true,"href":"https:\/\/www.linvosges-hotellerie.com\/es\/wp-json\/wp\/v2\/product_tag?post=30116"},{"taxonomy":"gamme","embeddable":true,"href":"https:\/\/www.linvosges-hotellerie.com\/es\/wp-json\/wp\/v2\/gamme?post=30116"},{"taxonomy":"matiere","embeddable":true,"href":"https:\/\/www.linvosges-hotellerie.com\/es\/wp-json\/wp\/v2\/matiere?post=30116"}],"curies":[{"name":"wp","href":"https:\/\/api.w.org\/{rel}","templated":true}]}}

https://www.linvosges-hotellerie.com/sin categoría/sabana-bajera-evora-2/

Sábana bajera Evora

<p>Sábana bajera de tacto aterciopelado y acabado mate ligeramente arrugado para un estilo contemporáneo. Es superfácil de planchar, lo que te ahorra mucho tiempo<br />
Tejido satinado muy tupido de 300 hilos para mayor suavidad y flexibilidad.<br />
Material noble por excelencia, la fibra de algodón es naturalmente confortable y resistente</p>
<p>Tapa de 30 cm, adecuada para colchones de hasta 22 cm de grosor.<br />
Hilo de colores en todo el contorno para identificar las distintas tallas y facilitar el cuidado y almacenamiento de tu ropa. Ahorro de tiempo para el personal de habitaciones y lavandería</p>
<p>Colores de los cables según las dimensiones :<br />
90&#215;190 : rojo<br />
90&#215;200 : naranja<br />
140&#215;190 : azul<br />
160&#215;200 : verde<br />
180&#215;200 : gris oscuro</p>

<p>Lavar a máquina a 40°.<br />
Prohibidos el cloro y los agentes blanqueadores<br />
Secar en secadora a 60°.<br />
Planchado a una temperatura máxima de 110° sin vapor<br />
Prohibida la limpieza en seco</p>
<p><span class="ginetex">  8 o s n U  </span></p>
